{"id":12,"date":"2025-06-13T07:50:38","date_gmt":"2025-06-13T07:50:38","guid":{"rendered":"https:\/\/victor-nistor.apps.math.cnrs.fr\/?page_id=12"},"modified":"2026-01-03T19:12:19","modified_gmt":"2026-01-03T19:12:19","slug":"12-2","status":"publish","type":"page","link":"https:\/\/victor-nistor.apps.math.cnrs.fr\/","title":{"rendered":"Home"},"content":{"rendered":"<p><span style=\"font-size: 18pt;\"><strong>Victor Nistor<br \/>\n<\/strong><\/span>Professeur<img loading=\"lazy\" decoding=\"async\" class=\"wp-image-602 alignright\" src=\"https:\/\/victor-nistor.apps.math.cnrs.fr\/wp-content\/uploads\/2025\/06\/Nistor.jpeg\" alt=\"\" width=\"256\" height=\"256\" \/><br \/>\n<a href=\"https:\/\/iecl.univ-lorraine.fr\/recherche\/analyse-et-theorie-des-nombres\/analyse-et-theorie-des-nombres-presentation\/\">\u00c9quipe Analyse et Th\u00e9orie des Nombres<\/a><\/p>\n<p><a href=\"http:\/\/www.iecl.univ-lorraine.fr\/\">Institut \u00c9lie Cartan de Lorraine,<\/a> UMR 7502,<br \/>\n<a href=\"https:\/\/www.univ-lorraine.fr\/\">Universit\u00e9 de Lorraine<\/a>\u00a0 &#8211; Metz, UFR MIM,<br \/>\n3, rue Augustin Fresnel,<br \/>\n57000 Metz \u2013 Technop\u00f4le<\/p>\n<p>Bureau ARC-011<br \/>\n03 72 74 79 14<br \/>\n<a href=\"mailto:victor.nistor@univ-lorraine.fr\">victor.nistor@univ-lorraine.fr<\/a><\/p>\n<p>Our book (<a href=\"https:\/\/link.springer.com\/book\/9783031986031\">Stationary Stokes and Navier-Stokes equations with variable coefficients<\/a>. Integral operators and variational approaches, volume 2380 of Lecture Notes in Mathematics, Cham: Springer, 2026), is scheduled to appear in February.<\/p>\n<p>My home page has been visited <img loading=\"lazy\" decoding=\"async\" src=\"http:\/\/counter.digits.net\/wc\/-d\/4\/NISTOR@math.psu.edu\" width=\"40\" height=\"19\" align=\"top\" border=\"0\" hspace=\"4\" \/> times since May 1, 1996 (courtesy of the <a href=\"http:\/\/www.digits.net\/\">webCounter<\/a>).<\/p>\n<p><span style=\"font-size: 8pt;\">(Last modified January 3, 2026.)<\/span><\/p>\n","protected":false},"excerpt":{"rendered":"<p>Victor Nistor Professeur \u00c9quipe Analyse et Th\u00e9orie des Nombres Institut \u00c9lie Cartan de Lorraine, UMR 7502, Universit\u00e9 de Lorraine\u00a0 &#8211; Metz, UFR MIM, 3, rue Augustin Fresnel, 57000 Metz \u2013 Technop\u00f4le Bureau ARC-011 03 72 74 79 14 victor.nistor@univ-lorraine.fr Our book (Stationary Stokes and Navier-Stokes equations with variable coefficients. Integral operators and variational approaches, volume &hellip; <a href=\"https:\/\/victor-nistor.apps.math.cnrs.fr\/\" class=\"more-link\">Continue reading <span class=\"screen-reader-text\">Home<\/span> <span class=\"meta-nav\">&rarr;<\/span><\/a><\/p>\n","protected":false},"author":1,"featured_media":0,"parent":0,"menu_order":0,"comment_status":"closed","ping_status":"closed","template":"","meta":{"footnotes":""},"class_list":["post-12","page","type-page","status-publish","hentry"],"_links":{"self":[{"href":"https:\/\/victor-nistor.apps.math.cnrs.fr\/index.php?rest_route=\/wp\/v2\/pages\/12","targetHints":{"allow":["GET"]}}],"collection":[{"href":"https:\/\/victor-nistor.apps.math.cnrs.fr\/index.php?rest_route=\/wp\/v2\/pages"}],"about":[{"href":"https:\/\/victor-nistor.apps.math.cnrs.fr\/index.php?rest_route=\/wp\/v2\/types\/page"}],"author":[{"embeddable":true,"href":"https:\/\/victor-nistor.apps.math.cnrs.fr\/index.php?rest_route=\/wp\/v2\/users\/1"}],"replies":[{"embeddable":true,"href":"https:\/\/victor-nistor.apps.math.cnrs.fr\/index.php?rest_route=%2Fwp%2Fv2%2Fcomments&post=12"}],"version-history":[{"count":21,"href":"https:\/\/victor-nistor.apps.math.cnrs.fr\/index.php?rest_route=\/wp\/v2\/pages\/12\/revisions"}],"predecessor-version":[{"id":196,"href":"https:\/\/victor-nistor.apps.math.cnrs.fr\/index.php?rest_route=\/wp\/v2\/pages\/12\/revisions\/196"}],"wp:attachment":[{"href":"https:\/\/victor-nistor.apps.math.cnrs.fr\/index.php?rest_route=%2Fwp%2Fv2%2Fmedia&parent=12"}],"curies":[{"name":"wp","href":"https:\/\/api.w.org\/{rel}","templated":true}]}}